{"id":9,"date":"2019-12-24T22:46:21","date_gmt":"2019-12-24T20:46:21","guid":{"rendered":"http:\/\/wordpress-blog.ms-photograph.de\/?page_id=9"},"modified":"2023-05-18T16:44:34","modified_gmt":"2023-05-18T14:44:34","slug":"new-zealand","status":"publish","type":"page","link":"https:\/\/wordpress-blog.ms-photograph.de\/?page_id=9","title":{"rendered":"New Zealand January 2020"},"content":{"rendered":"<ul class=\"wp-block-latest-posts__list has-dates wp-block-latest-posts\"><li><a class=\"wp-block-latest-posts__post-title\" href=\"https:\/\/wordpress-blog.ms-photograph.de\/?p=1101\">Zum Abschluss nach Devonport an den Cheitenham Beach<\/a><time datetime=\"2020-01-27T16:43:04+01:00\" class=\"wp-block-latest-posts__post-date\">27. Januar 2020<\/time><div class=\"wp-block-latest-posts__post-excerpt\">25.01.2020 Heute ist unser letzter Tag auf Neuseeland. Da sind wir nach dem Fr\u00fchst\u00fcck mit der F\u00e4hre r\u00fcber nach Devonport und dort an den Cheltenham Beach. Silke hat die Gelegenheit genutzt, noch mal im Pazifik zu schwimmen. Allerdings setzte die Ebbe ein und die Wassertiefe war doch eher Kleinkind geeignet. Nach diesem letzten intensiven Sonnentanken &hellip; <p class=\"link-more\"><a href=\"https:\/\/wordpress-blog.ms-photograph.de\/?p=1101\" class=\"more-link\"><span class=\"screen-reader-text\">\u201eZum Abschluss nach Devonport an den Cheitenham Beach\u201c<\/span> weiterlesen<\/a><\/p><\/div><\/li>\n<li><a class=\"wp-block-latest-posts__post-title\" href=\"https:\/\/wordpress-blog.ms-photograph.de\/?p=1080\">Zur\u00fcck nach Auckland<\/a><time datetime=\"2020-01-25T08:19:54+01:00\" class=\"wp-block-latest-posts__post-date\">25. Januar 2020<\/time><div class=\"wp-block-latest-posts__post-excerpt\">25.01.2020 Heute hie\u00df es leider: \u201ePacken\u201c und Camper sauber machen. Um 14:00 Uhr sollten wir an der Abgabestation von Apollo in Auckland sein. Nach Fr\u00fchst\u00fcck, packen und saubermachen ging es aber noch einmal gem\u00fctlich durch die \u201eTwin Coast\u201c. Von Whangarei \u00fcber Wellsford sind wir dann nicht den k\u00fcrzesten Weg auf den Highway 1 sondern \u00fcber &hellip; <p class=\"link-more\"><a href=\"https:\/\/wordpress-blog.ms-photograph.de\/?p=1080\" class=\"more-link\"><span class=\"screen-reader-text\">\u201eZur\u00fcck nach Auckland\u201c<\/span> weiterlesen<\/a><\/p><\/div><\/li>\n<li><a class=\"wp-block-latest-posts__post-title\" href=\"https:\/\/wordpress-blog.ms-photograph.de\/?p=997\">Es sollte ein \u201elazy day\u201d werden<\/a><time datetime=\"2020-01-23T07:27:11+01:00\" class=\"wp-block-latest-posts__post-date\">23. Januar 2020<\/time><div class=\"wp-block-latest-posts__post-excerpt\">23.01.2020 Eigentlich war die Idee, sich einen faulen Tag zu machen. Das ist f\u00fcr Silke sp\u00e4testens nach zwei, drei Stunden zu langweilig. Also alles, was im Wagen runterfallen k\u00f6nnte, weggepackt und Stromkabel raus. Los ging es zu den \u201eRainbow Falls\u201c. Wir hatten zwar keinen Regenbogen, als wir bei den Wasserf\u00e4llen waren, aber nett waren die &hellip; <p class=\"link-more\"><a href=\"https:\/\/wordpress-blog.ms-photograph.de\/?p=997\" class=\"more-link\"><span class=\"screen-reader-text\">\u201eEs sollte ein \u201elazy day\u201d werden\u201c<\/span> weiterlesen<\/a><\/p><\/div><\/li>\n<li><a class=\"wp-block-latest-posts__post-title\" href=\"https:\/\/wordpress-blog.ms-photograph.de\/?p=941\">Segelt\u00f6rn mit der R. Tucker Thomson<\/a><time datetime=\"2020-01-22T09:31:23+01:00\" class=\"wp-block-latest-posts__post-date\">22. Januar 2020<\/time><div class=\"wp-block-latest-posts__post-excerpt\">22.01.2020 Ein Segelt\u00f6rn mit dem Schoner \u201eR. Tucker Thomson\u201c stand heute auf dem Programm. Zun\u00e4chst ging es um 8:30 Uhr mit dem Taxi in den Ort, weil das Parken eines 7,70 m langen Campingwagens f\u00fcr einen ganzen Tag nur schwer zu organisieren ist, bzw. deutlich teurer als das Taxi. Mit der \u201eHappy Ferry\u201c ging es &hellip; <p class=\"link-more\"><a href=\"https:\/\/wordpress-blog.ms-photograph.de\/?p=941\" class=\"more-link\"><span class=\"screen-reader-text\">\u201eSegelt\u00f6rn mit der R. Tucker Thomson\u201c<\/span> weiterlesen<\/a><\/p><\/div><\/li>\n<li><a class=\"wp-block-latest-posts__post-title\" href=\"https:\/\/wordpress-blog.ms-photograph.de\/?p=905\">Vom Ninety-Mile-Beach an die Bay of Islands<\/a><time datetime=\"2020-01-21T06:04:55+01:00\" class=\"wp-block-latest-posts__post-date\">21. Januar 2020<\/time><div class=\"wp-block-latest-posts__post-excerpt\">21.01.2020 F\u00fcr heute fr\u00fch hatte sich Klaus den Wecker auf 3:30 Uhr gestellt, um zwischen 3:36 Uhr und 4.48 Uhr die Sichtbarkeit des galaktischen Zentrums &#8211; also der Milchstra\u00dfe &#8211; und den Sternenhimmel beobachten und photographieren zu k\u00f6nnen. Silke hat es vorgezogen, um diese Uhrzeit im Bett zu bleiben. Irgendwo in der Milchstra\u00dfe ist auch &hellip; <p class=\"link-more\"><a href=\"https:\/\/wordpress-blog.ms-photograph.de\/?p=905\" class=\"more-link\"><span class=\"screen-reader-text\">\u201eVom Ninety-Mile-Beach an die Bay of Islands\u201c<\/span> weiterlesen<\/a><\/p><\/div><\/li>\n<\/ul>\n\n\n<figure class=\"wp-block-image size-large is-resized\"><img decoding=\"async\" loading=\"lazy\" src=\"https:\/\/wordpress-blog.ms-photograph.de\/wp-content\/uploads\/2019\/12\/internet_2010-03-07-105720-2.jpg\" alt=\"\" class=\"wp-image-32\" width=\"637\" height=\"423\" srcset=\"https:\/\/wordpress-blog.ms-photograph.de\/wp-content\/uploads\/2019\/12\/internet_2010-03-07-105720-2.jpg 800w, https:\/\/wordpress-blog.ms-photograph.de\/wp-content\/uploads\/2019\/12\/internet_2010-03-07-105720-2-300x200.jpg 300w, https:\/\/wordpress-blog.ms-photograph.de\/wp-content\/uploads\/2019\/12\/internet_2010-03-07-105720-2-768x511.jpg 768w\" sizes=\"(max-width: 637px) 100vw, 637px\" \/><figcaption class=\"wp-element-caption\">Land der langen wei\u00dfen Wolke<\/figcaption><\/figure>\n","protected":false},"excerpt":{"rendered":"","protected":false},"author":1,"featured_media":0,"parent":0,"menu_order":0,"comment_status":"open","ping_status":"closed","template":"","meta":{"ngg_post_thumbnail":0},"jetpack_sharing_enabled":true,"_links":{"self":[{"href":"https:\/\/wordpress-blog.ms-photograph.de\/index.php?rest_route=\/wp\/v2\/pages\/9"}],"collection":[{"href":"https:\/\/wordpress-blog.ms-photograph.de\/index.php?rest_route=\/wp\/v2\/pages"}],"about":[{"href":"https:\/\/wordpress-blog.ms-photograph.de\/index.php?rest_route=\/wp\/v2\/types\/page"}],"author":[{"embeddable":true,"href":"https:\/\/wordpress-blog.ms-photograph.de\/index.php?rest_route=\/wp\/v2\/users\/1"}],"replies":[{"embeddable":true,"href":"https:\/\/wordpress-blog.ms-photograph.de\/index.php?rest_route=%2Fwp%2Fv2%2Fcomments&post=9"}],"version-history":[{"count":10,"href":"https:\/\/wordpress-blog.ms-photograph.de\/index.php?rest_route=\/wp\/v2\/pages\/9\/revisions"}],"predecessor-version":[{"id":1144,"href":"https:\/\/wordpress-blog.ms-photograph.de\/index.php?rest_route=\/wp\/v2\/pages\/9\/revisions\/1144"}],"wp:attachment":[{"href":"https:\/\/wordpress-blog.ms-photograph.de\/index.php?rest_route=%2Fwp%2Fv2%2Fmedia&parent=9"}],"curies":[{"name":"wp","href":"https:\/\/api.w.org\/{rel}","templated":true}]}}